{"id":2,"date":"2025-06-12T01:52:55","date_gmt":"2025-06-12T01:52:55","guid":{"rendered":"http:\/\/marcosebueno.com.br\/?page_id=2"},"modified":"2025-06-12T18:58:15","modified_gmt":"2025-06-12T18:58:15","slug":"sample-page-2","status":"publish","type":"page","link":"https:\/\/marcosebueno.com.br\/index.php\/sample-page-2\/","title":{"rendered":"Nossa Hist\u00f3ria"},"content":{"rendered":"\n<p class=\"has-small-font-size\"><strong>Quem s\u00e3o Marcos &amp; Bueno<\/strong><\/p>\n\n\n\n<p>A dupla <strong>Marcos &amp; Bueno<\/strong> \u00e9 formada por dois artistas de <strong>Itaquaquecetuba-SP<\/strong>, que conquistaram o p\u00fablico com sua combina\u00e7\u00e3o de talento, energia e uma conex\u00e3o verdadeira com os f\u00e3s. Com um Instagram que ultrapassa os <strong>150 mil seguidores<\/strong>, a dupla tem chamado a aten\u00e7\u00e3o nas redes sociais e nas plataformas de m\u00fasica, conquistando espa\u00e7o no cen\u00e1rio sertanejo atual.<\/p>\n\n\n\n<p>Recentemente lan\u00e7aram o projeto <strong><em>Passando o Som (Na Garagem)<\/em><\/strong>, com vers\u00f5es ao vivo de sucessos como <em>\u201cJeito Carinhoso\u201d<\/em>, <em>\u201cDois\u201d<\/em> e <em>\u201cPalpite\u201d<\/em>, dispon\u00edveis em EPs (2024) e singles (2025) <a href=\"https:\/\/music.apple.com\/us\/artist\/marcos-e-bueno\/1572023169?ign-mpt=uo%3D5&amp;utm_source=chatgpt.com\" target=\"_blank\" rel=\"noreferrer noopener\">Ouvir<\/a>.<\/p>\n\n\n\n<p>Entre os principais lan\u00e7amentos est\u00e3o faixas interpretadas ao vivo em Itaqu\u00e1, como <em>\u201cAmando de Longe\u201d<\/em>, refletindo a ess\u00eancia intimista e acolhedora da dupla<\/p>\n\n\n\n<p><\/p>\n","protected":false},"excerpt":{"rendered":"<p>Quem s\u00e3o Marcos &amp; Bueno A dupla Marcos &amp; Bueno \u00e9 formada por dois artistas de Itaquaquecetuba-SP, que conquistaram o p\u00fablico com sua combina\u00e7\u00e3o de talento, energia e uma conex\u00e3o verdadeira com os f\u00e3s. Com um Instagram que ultrapassa os 150 mil seguidores, a dupla tem chamado a aten\u00e7\u00e3o nas redes sociais e nas plataformas&#8230;<\/p>\n","protected":false},"author":1,"featured_media":0,"parent":0,"menu_order":0,"comment_status":"closed","ping_status":"open","template":"","meta":{"footnotes":""},"class_list":["post-2","page","type-page","status-publish","hentry"],"_links":{"self":[{"href":"https:\/\/marcosebueno.com.br\/index.php\/wp-json\/wp\/v2\/pages\/2","targetHints":{"allow":["GET"]}}],"collection":[{"href":"https:\/\/marcosebueno.com.br\/index.php\/wp-json\/wp\/v2\/pages"}],"about":[{"href":"https:\/\/marcosebueno.com.br\/index.php\/wp-json\/wp\/v2\/types\/page"}],"author":[{"embeddable":true,"href":"https:\/\/marcosebueno.com.br\/index.php\/wp-json\/wp\/v2\/users\/1"}],"replies":[{"embeddable":true,"href":"https:\/\/marcosebueno.com.br\/index.php\/wp-json\/wp\/v2\/comments?post=2"}],"version-history":[{"count":1,"href":"https:\/\/marcosebueno.com.br\/index.php\/wp-json\/wp\/v2\/pages\/2\/revisions"}],"predecessor-version":[{"id":51,"href":"https:\/\/marcosebueno.com.br\/index.php\/wp-json\/wp\/v2\/pages\/2\/revisions\/51"}],"wp:attachment":[{"href":"https:\/\/marcosebueno.com.br\/index.php\/wp-json\/wp\/v2\/media?parent=2"}],"curies":[{"name":"wp","href":"https:\/\/api.w.org\/{rel}","templated":true}]}}

Nossa História

<p class="has-small-font-size"><strong>Quem são Marcos &amp; Bueno</strong></p>



<p>A dupla <strong>Marcos &amp; Bueno</strong> é formada por dois artistas de <strong>Itaquaquecetuba-SP</strong>, que conquistaram o público com sua combinação de talento, energia e uma conexão verdadeira com os fãs. Com um Instagram que ultrapassa os <strong>150 mil seguidores</strong>, a dupla tem chamado a atenção nas redes sociais e nas plataformas de música, conquistando espaço no cenário sertanejo atual.</p>



<p>Recentemente lançaram o projeto <strong><em>Passando o Som (Na Garagem)</em></strong>, com versões ao vivo de sucessos como <em>“Jeito Carinhoso”</em>, <em>“Dois”</em> e <em>“Palpite”</em>, disponíveis em EPs (2024) e singles (2025) <a href="https://music.apple.com/us/artist/marcos-e-bueno/1572023169?ign-mpt=uo%3D5&amp;utm_source=chatgpt.com" target="_blank" rel="noreferrer noopener">Ouvir</a>.</p>



<p>Entre os principais lançamentos estão faixas interpretadas ao vivo em Itaquá, como <em>“Amando de Longe”</em>, refletindo a essência intimista e acolhedora da dupla</p>



<p></p>

<p>Quem são Marcos &amp; Bueno A dupla Marcos &amp; Bueno é formada por dois artistas de Itaquaquecetuba-SP, que conquistaram o público com sua combinação de talento, energia e uma conexão verdadeira com os fãs. Com um Instagram que ultrapassa os 150 mil seguidores, a dupla tem chamado a atenção nas redes sociais e nas plataformas&#8230;</p>
